sor of 55 and p?
11
Suppose 16 = -o + 4*a, -4*o - a = 7 + 23. Let f = -2 - o. Suppose 2*r - f = -0*r. Calculate the greatest common factor of r and 33.
3
Suppose -4*t = 4*y + y + 55, 4*y + 13 = 3*t. Let b = y + 51. Calculate the greatest common divisor of 4 and b.
4
Let t be (0 - 6)/(12/(-54)). What is the greatest common factor of 189 and t?
27
Let w(d) = -d**3 + 2*d**2 + 3. Let n be w(-3). Let q = 2 - 1. Let y be (-8 - q)/((-9)/6). What is the greatest common divisor of n and y?
6
Let n be (-8)/(-5) - (-2)/5. Suppose -5 = 5*a + 4*m - 0, -3*m - 2 = n*a. Let y be (a - 24*1)/(-1). Calculate the greatest common factor of y and 10.
5
Suppose -3*z = 3*f - z - 206, 2*f - 4*z = 164. Suppose -3*y + 68 = 4*x - 4*y, -4*x = y - 76. What is the greatest common factor of x and f?
18
Let v(i) = 13*i - 2. Let a be v(4). Suppose -j + 4*q + 109 = 0, -2*j = 3*q - a - 157. Suppose 3*o - 30 = o. Calculate the highest common factor of o and j.
15
Let p(q) = q**2 + 7. Let c be p(0). Let j(g) = g**2 - 5*g + 7. Let f = 12 + -7. Let l be j(f). What is the greatest common factor of l and c?
7
Let z = 2 - -3. Suppose -3*l + 5*r = 7, 3*l - z = r + 8. Let x be 9 - 4/((-4)/(-3)). Calculate the highest common factor of x and l.
6
Let p(l) = 4*l + 0*l**2 + l**2 + 0 + 6. Let z be p(-4). Suppose -4*c + 7 = -113. Calculate the highest common factor of c and z.
6
Let v(d) = -4*d - 16. Let c be v(-7). Suppose x - 4*w - 10 = 0, 2*x = -3*x - 5*w + 175. Calculate the greatest common factor of x and c.
6
Let l be (-228)/(-18) + 12/9. What is the greatest common divisor of 42 and l?
14
Let g(j) = j**2 - j + 3. Let l be g(4). What is the highest common factor of 5 and l?
5
Let k(n) be the third derivative of -n**6/120 - n**5/12 - n**4/24 - n**3/6 - 2*n**2. Let u be k(-5). What is the greatest common factor of 28 and u?
4
Let f = -68 - -89. Let a be (-246)/(-12) + 2/4. What is the highest common factor of a and f?
21
Let z = -35 + 59. Suppose 3 = 3*s - z. Suppose 4*l - 52 = 4*r, -5*l - 2*r = -r - 95. What is the greatest common factor of l and s?
9
Suppose -2*s - 2*s = -8. Suppose -3*l + s*l = -32. Suppose 0 = 5*w + q + 4*q - 60, 5*w + 4*q - 56 = 0. Calculate the highest common factor of w and l.
8
Let b(s) = -s**2 - 2*s + 10. Let w be b(0). Calculate the highest common divisor of 15 and w.
5
Let c = -49 - -81. What is the highest common divisor of c and 32?
32
Suppose 99 = -34*c + 35*c. Calculate the highest common factor of 9 and c.
9
Let j(g) = -13*g - 7. Let h(k) = 13*k + 6. Let x(o) = 6*h(o) + 5*j(o). Let w be x(11). What is the greatest common factor of 16 and w?
16
Let j = -20 - -47. Let f = -330 - -627. Calculate the greatest common factor of f and j.
27
Suppose 2*q = -0*q. Suppose v + 5*i - 37 = 0, 0 = -5*v + 2*i - q*i + 104. What is the highest common divisor of 198 and v?
22
Let f = 9 - 8. Let d be 41 + f/(-4)*-4. Suppose 3*z - 54 = -z + 2*g, 2*z + 3*g = 31. Calculate the greatest common divisor of d and z.
14
Let i be (131 - 6/(-2)*1) + -2. What is the greatest common divisor of i and 12?
12
Let l(m) = -m**3 - 5*m**2 - 4*m + 3. Let p be l(-4). Let x = p + -1. Let o = -41 + 57. What is the greatest common divisor of o and x?
2
Suppose -3*q + 3*o + 57 = 0, -4*q + 4*o + 79 = o. Calculate the greatest common divisor of q and 44.
22
Suppose -4*q + 9 = 5. Calculate the greatest common factor of q and 1.
1
Suppose -3*y = -43 + 1. What is the highest common divisor of y and 126?
14
Let b be (-55)/(-4) - 9/12. Suppose 3*v - 5*j = 434, -5*v + 0*v - 4*j = -711. What is the greatest common factor of b and v?
13
Let w be 2/((-6)/(-99) - 0). Let s = -17 + w. Let n = s + -10. Calculate the highest common factor of n and 2.
2
Let j(r) = -16 - 7*r - 1 + 18*r. Let s be j(7). Calculate the highest common divisor of s and 12.
12
Let c(n) = -20*n - 4. Let g be c(-2). Calculate the greatest common divisor of g and 9.
9
Suppose -l + 2*k + 18 = -2*k, -5*l + 132 = k. Calculate the greatest common divisor of l and 78.
26
Suppose -4*y = 18 - 62. Let k be 2/(4/3)*2. Suppose -w - 39 - 130 = -k*g, 3*g + 3*w = 153. What is the highest common divisor of y and g?
11
Suppose -2*d + 23 + 17 = 0. What is the greatest common factor of 100 and d?
20
Let w(z) = 4*z**3 + z**2 - 5*z + 2. Let k be w(2). Calculate the greatest common divisor of k and 4.
4
Suppose -3*n + 200 = -2*n + 3*q, 5*n - 1039 = -2*q. What is the greatest common divisor of 19 and n?
19
Let w(i) = 5*i**2 + i - 3. Let c be w(-3). What is the highest common divisor of c and 26?
13
Suppose h = 2*h - 3. Let x(c) = -17*c - 2. Let w be x(h). Let z = -28 - w. What is the highest common divisor of z and 10?
5
Suppose -d - 3 = -6. What is the highest common factor of 1 and d?
1
Let k be 2*-1 - (-1 + 2). Suppose 0 = z + 1. Let f = z - k. Calculate the greatest common divisor of 2 and f.
2
Let w be (44/(-12))/((-1)/9). Suppose 8 = -5*c + w. Calculate the greatest common factor of c and 5.
5
Suppose 4*w = -0*k - k + 6, 0 = 4*k - 5*w - 108. What is the highest common divisor of 2 and k?
2
Suppose s + h = -3*h + 16, h = -4*s + 4. Suppose s = -d + 3*d + 3*g - 136, d - 4*g - 57 = 0. Calculate the greatest common divisor of d and 26.
13
Let u(q) = -11*q - 30. Let t be u(-10). Let f be 3/(9/51) + -1. What is the greatest common factor of t and f?
16
Let q(h) be the second derivative of 2*h**2 + 0 - 2*h + 1/3*h**3. Let g be q(4). Calculate the greatest common factor of g and 24.
12
Suppose 4*z + 4 - 100 = 0. Suppose 2*c - 8 - z = 0. What is the highest common divisor of c and 16?
16
Let c be (-2)/(-1) + -2 + 2. Suppose 6 = 3*m - 3. What is the greatest common factor of m and c?
1
Let o = -38 + 61. What is the highest common factor of 161 and o?
23
Let v(a) = -2*a. Let p be v(-4). Let n be 8/(-28) - (-166)/(-7). Let b = 8 - n. What is the greatest common divisor of p and b?
8
Suppose 4*z - 5*h + 4*h = 1089, -3*z + 810 = -3*h. Let d = z - 138. Suppose 0 = -i + 4*i - d. Calculate the greatest common divisor of 18 and i.
9
Let u be 19 + 2 + (0 - (-4 - -1)). What is the greatest common factor of 3 and u?
3
Let u = -22 + 15. Let l(g) = -g**3 - 6*g**2 + 7*g + 10. Let j be l(u). Calculate the greatest common factor of 110 and j.
10
Let j(k) = -k**3 + 9*k**2 + 8*k - 51. Let n be j(9). What is the highest common divisor of n and 7?
7
Suppose -79 = 4*j - 211. What is the greatest common factor of 22 and j?
11
Let x = -10 - -10. Suppose x = -4*z + 3*l + 25, 0*z + 32 = 4*z + 4*l. What is the greatest common factor of z and 7?
7
Let c be 10/(-3)*(-6)/5. What is the greatest common divisor of 32 and c?
4
Let q be 1*4 - 48/(-6). What is the greatest common factor of q and 12?
12
Let d = 21 - 18. Calculate the highest common factor of d and 21.
3
Let i(b) = 10*b**2 - 1. Let s be i(1). Let n(j) = 2*j**3 - 8*j**2 + 6*j + 1. Let z be n(5). What is the greatest common divisor of z and s?
9
Let w be (-2 + -222)*(-2)/4. What is the greatest common factor of w and 16?
16
Let g be (4/6)/((-4)/(-54)). Let f = -8 + 13. Suppose 401 - 131 = f*i. Calculate the greatest common divisor of g and i.
9
Let b = -8 - -21. Suppose b = 5*n - 17. Calculate the greatest common divisor of n and 24.
6
Let s be 104/32 + 2/(-8). Suppose -5*m - 20 - 9 = -h, -2*m = -s*h + 113. Calculate the highest common divisor of h and 13.
13
Let w be 2/(-7) - 774/(-14). Let c be 3/(-6)*(0 + -10). What is the greatest common factor of w and c?
5
Let k = -54 - -120. What is the highest common divisor of 165 and k?
33
Let p = -22 - -31. Let j = p - 5. Let i be (1 - j)*(-30)/9. What is the greatest common factor of 50 and i?
10
Suppose -3*v - 5 = -5*j, 0 = -j + 2*v - 2 - 4. Suppose 140 = 5*o - g + 35, -5*o - g = -95. Calculate the highest common divisor of o and j.
4
Suppose -2*t - 3 - 11 = 0. Let h(o) = -o**3 - 7*o**2 - 2*o + 1. Let r be h(t). What is the highest common divisor of 15 and r?
15
Let a be (24/(-15))/((4/5)/(-2)). What is the highest common factor of a and 4?
4
Let k(s) = s**3 + 6*s**2 + 5*s + 11. Let g be k(-5). Calculate the highest common divisor of g and 99.
11
Let l = 72 - 57. Calculate the highest common divisor of 60 and l.
15
Let j(l) = l**2 - 2*l + 8. Let h be j(5). Let r be ((-46)/(-4))/1*6. What is the greatest common divisor of r and h?
23
Let y = 47 - 3. What is the highest common factor of 44 a